. Suppose 48 = -4*c + 10*c. What is j(c)?
13
Let w(u) be the third derivative of 5*u**4/24 + 7*u**3/6 + 2*u**2 - 3*u. Let l(s) = 9*s + 13. Let t(b) = 4*l(b) - 7*w(b). Calculate t(-7).
-4
Suppose 5*c - 2*u = 31, 33*u - 29*u = c + 1. Let m(l) = -1. Let w(d) = -d + 16. Let y(z) = 3*m(z) + w(z). What is y(c)?
6
Let w be 14/(3/2 + 15/30). Let m(l) be the third derivative of -l**6/120 + 7*l**5/60 + l**4/12 - 5*l**3/3 + l**2. Determine m(w).
4
Let z(t) = 4*t**3 - 4*t**2 + 2*t - 4. Let k(c) = -5*c**3 + 2*c**2 - 3*c + 5. Let o(u) = 3*k(u) + 4*z(u). Calculate o(10).
-11
Let c(u) = -5*u**3 + 5*u**2 - 4*u - 13. Let o(g) = -9*g**3 + 9*g**2 - 7*g - 25. Let j(r) = -11*c(r) + 6*o(r). Let t be j(0). Let h(w) = w + 9. Determine h(t).
2
Let z be ((-16)/18)/(14/(-63)). Let v(r) = -r**3 + 4*r**2 - r + 4. Calculate v(z).
0
Let y be (-88)/9 + (-14)/63. Let l(d) = -2*d - 20. Let u be l(y). Let q(w) = w**2 - w - 11. Determine q(u).
-11
Let m = -91 + 88. Let q(c) be the second derivative of -c**6/720 + c**4/6 - 2*c. Let x(d) be the third derivative of q(d). Determine x(m).
3
Suppose -6 + 1 = 5*w. Let q be w/(-3)*84/(-7). Let k(b) = b**2 + 5*b + 1. Give k(q).
-3
Let l(x) = 13*x - 138. Let t be l(11). Let z(y) = -3*y - 3 - 2 + 8*y. Calculate z(t).
20
Suppose 0 = -3*g - y + 16, 0 = -4*g + 2*g + y + 19. Let i(l) be the third derivative of -l**5/60 + 3*l**4/8 + 3*l**3/2 + l**2. Determine i(g).
23
Let i(z) be the first derivative of 3 - 1 + 0 + 0 - z**2. Calculate i(4).
-8
Let k(t) = 3*t - 5. Suppose -2*j = -4*o + 10, -2*j - 3*j - o = -19. Suppose 0 = b - 0 + j. Let m = 8 + b. What is k(m)?
10
Let j(d) be the third derivative of d**5/60 + d**4/2 + 13*d**3/6 - 2*d**2 + 28. Calculate j(-11).
2
Let j(w) = w**2 + 9*w - 1. Let g(v) = -3*v**2 - 26*v + 4. Let i(p) = -4*g(p) - 11*j(p). Suppose -6*o + 891 = 927. Determine i(o).
1
Let q(o) be the first derivative of -o**5/20 + o**4/4 + o**3/3 - 2*o**2 + 14*o + 2. Let b(y) be the first derivative of q(y). Give b(3).
2
Let z(u) = 2*u - 1. Let g(r) = -r. Let a(d) = 6*g(d) - z(d). Let n = 10543 - 10542. What is a(n)?
-7
Suppose 0*d = -16*d - 48. Let u(n) be the third derivative of n**6/120 + n**5/60 - n**4/8 + 2*n**3/3 - n**2. Determine u(d).
-5
Let h(v) be the second derivative of v**3/6 - v**2/2 + 64*v - 1. What is h(3)?
2
Let j(f) = 4*f**3 + 3*f**2 + 12*f + 15. Let w(u) = -5*u**3 - 4*u**2 - 13*u - 17. Let b(m) = 6*j(m) + 5*w(m). Calculate b(-4).
9
Let v(u) = -3*u**2 + 3*u + 5. Let h = -1981 + 1979. What is v(h)?
-13
Let f = 6 - 6. Let p(d) = d - 7. Let w(v) = -2*v + 9. Let h(b) = -3*p(b) - 2*w(b). Calculate h(f).
3
Let d(g) = -3*g + 76. Let s be d(24). Let k(y) be the second derivative of 1/12*y**4 + y**2 + 1/6*y**3 + s*y + 0. What is k(0)?
2
Suppose 0 = -i - 0*d + 3*d + 23, i = 4*d + 22. Let v(k) = 4*k - 109. Let j be v(i). Let f(t) = -5 + 1 + 5*t - 2*t**2 + 3*t**2. What is f(j)?
-4
Let d be (6 - 3)/(-6)*(-260)/2. Let v(i) = -37*i**2 - 3 + i - 29*i**2 + d*i**2. Determine v(0).
-3
Let u(a) = 3*a**2 + 2*a - 2. Let j(q) = -14*q - 212. Let z be j(-15). Give u(z).
6
Let i(p) = -5*p + 9. Let m(t) = -2 + 4 + 18 + 0 - 11*t. Let u(q) = 9*i(q) - 4*m(q). What is u(-6)?
7
Suppose 0 = 9*q - 3*q - 6. Let l = -3 + q. Let i(u) = -u + 1. Let o(p) = -5*p**2 - 2*p - 4. Let f(a) = 2*i(a) + o(a). Calculate f(l).
-14
Suppose -3*r = -0*t + t - 23, -4*r = 4*t - 52. Let q(u) = u - 9. What is q(t)?
-1
Let g(h) = h**3 - 8*h**2 + 6*h - 6. Let x(i) = i**2 + 4*i + 4. Let p be x(-4). Let q be (-450)/(-66) + p/22. Determine g(q).
-13
Let o(g) be the second derivative of g**3/6 - 13*g**2/2 + g - 3. Determine o(0).
-13
Suppose 4*l = l - 5*w - 54, -l - 18 = -4*w. Let g = l + 21. Let k(z) = z**3 - 3*z**2 + 3*z + 4. Determine k(g).
13
Let w(z) = z**3 - 3*z**2 - 3. Suppose -4*i + 37 = 25. Suppose -i*a = 4*a - 21. What is w(a)?
-3
Suppose -5*o = 8*o - 2*o - 22. Let t(m) = 3*m**2 - 2*m + 0*m - 2*m**2. Give t(o).
0
Suppose -4*u + 24 = f + f, 3*f + 4*u = 36. Let o be 44/f - (-2)/(-3). Let w(n) = -1 - 1 - 2 - n**3 - o*n**2 - n + 6. Determine w(-3).
5
Let p(r) = r**3 - r + 1. Let x be p(2). Let d(g) = 8*g**3 - 15 + 7 + g**2 + x. Give d(-1).
-8
Let v(x) = 36*x**3 - 587*x + 1173*x - 587*x. Calculate v(1).
35
Let z(y) be the first derivative of y**4/4 - 2*y**3 + y**2/2 - 5*y + 3. Let m(l) = l + 2. Let b be m(4). What is z(b)?
1
Let o(y) = -y - 2. Let s(c) = -c - 2. Let b(p) = -6*o(p) + 5*s(p). Let f be 2/((-6)/(-27))*1. Let v = f + -6. Calculate b(v).
5
Suppose -5*z - 3*m = 2*m - 10, -2*z = 5*m + 2. Let y(k) = 2*k. Let n(o) = 8*o - 1. Let f(w) = 2*n(w) - 9*y(w). Determine f(z).
-10
Let q(n) be the second derivative of -n**4/12 + 11*n**3/6 - 15*n**2/2 - 15*n - 5. Determine q(10).
-5
Suppose -i - 8 = -3. Let j(s) = -s + 3. Let r(k) = 4*k - 9. Let z(c) = 3*c - 22. Let n be z(5). Let l(a) = n*j(a) - 2*r(a). Calculate l(i).
2
Let z = 2 + 1. Let b(l) be the first derivative of 2*l**2 - 4*l - 1062. What is b(z)?
8
Let r(s) = s + 9. Let t be (8/12 + (-90)/(-27))*-2. Calculate r(t).
1
Let x(z) = -z**3 - z**2 - z. Let r(t) = 4*t**3 + 3*t**2 + 2*t + 1. Let y(s) = -r(s) - 3*x(s). Suppose -5*q = -10*q. Let n = q - 2. Calculate y(n).
5
Suppose -301*d = -310*d - 27. Let g(i) = -i - 5. Let l(v) = -2. Let j(z) = -3*g(z) + 7*l(z). What is j(d)?
-8
Let f(c) = 18*c - 27*c + 2 + 4*c + 15*c - 4. Give f(-1).
-12
Let n(k) = k**3 - 3*k**2 - 5*k + 1. Let m(i) be the first derivative of 5*i**4/4 - 2*i**3/3 + 3*i**2/2 - 2*i - 18. Let l be m(1). Calculate n(l).
-3
Let d(b) be the third derivative of 1/3*b**3 + 0*b - 1/60*b**5 + 0 + 1/3*b**4 + 8*b**2. Calculate d(4).
18
Let t(m) = m + 7. Suppose 5*f + 0*f = -20. Let k be t(f). Let p(c) = -1 + 6*c - 8*c + k*c - 5. Determine p(6).
0
Let s = -50 + 48. Let i(g) be the second derivative of -g**3/6 - 3*g**2/2 + 63*g - 2. Determine i(s).
-1
Let q = -75 - -64. Let u(b) = b**3 + 5*b**2 + 2*b + 3. Let g be u(-5). Let z = g - q. Let i(h) = -h**3 + 5*h**2 - h - 5. Determine i(z).
7
Let h(l) = l**2 - 2*l - 6. Let b(r) = -2*r**3 - 6*r**2 + 3*r + 10. Let c be b(-4). Let o = c - 25. Give h(o).
9
Let b = -9 - -10. Let l(s) = -5*s**2 + 12*s - 4 + 3*s**2 - 17*s. Let a(v) = -v**2 + v + 1. Let k(d) = b*l(d) - a(d). Calculate k(-6).
-5
Let s(g) = g**3 - g**2 - g - 4. Let o = 13 - 11. Let m = 0 + o. Suppose -n = m*n. Calculate s(n).
-4
Let j(q) = -q. Let n(y) = 1 - 4 + 1 + 1. Let v(c) = 2*j(c) - 2*n(c). Determine v(-6).
14
Suppose -17 = 5*h - 807. Let p = -161 + h. Let w(v) = v**2 + v. Calculate w(p).
6
Let d be 114/(-10)*(-3 + -2). Suppose 5*x = -4*f + d, -4*x - 2 = -22. Suppose 11*m - 9*m = -f. Let o(u) = u**3 + 3*u**2 - 4*u - 3. Calculate o(m).
-3
Let y(w) = -w - 5. Let b be y(-4). Let n = 16 + -14. Let z(c) = 3 + 4*c**3 - 4 - 2*c - n*c**2 + 3*c**3. Calculate z(b).
-8
Let h(q) = -8*q + q**2 - 6*q**2 + 6 + 2*q + q**3. Let p be ((-22)/88 - 26/(-8)) + 2. Suppose -4*a + 0*y = -p*y - 24, -5*a = -3*y - 30. What is h(a)?
6
Let m be 1*(-2)/((-2)/(-1)). Let z(k) = 56*k**2 - 162*k**2 + 50*k**2 - k + 55*k**2 - 6*k**3. What is z(m)?
6
Let x = 264 + -270. Let n(l) = l + 5. Calculate n(x).
-1
Let a = -11 + 11. Let k(u) = -2 + 6*u**2 + 0*u**2 - u - 7 + u**2 + 8*u**3. Let y(c) = 7*c**3 + 6*c**2 - c - 9. Let l(j) = 6*k(j) - 7*y(j). Give l(a).
9
Let a(h) be the third derivative of -h**4/24 + 2*h**3/3 - 2*h**2. Suppose 0 = -f - 21 + 17. Let c be (0 - (-6 - f))*2. Calculate a(c).
0
Let l(q) be the first derivative of q**5/20 + 5*q**4/12 + q**3/6 + 9*q - 6. Let s(v) be the first derivative of l(v). What is s(-5)?
-5
Let b be (-12 - 5) + 5/1. Let h(p) = p + 5. Determine h(b).
-7
Let o(a) = -2*a - 4. Let v be -1 + (-4 - -4) + 80. Let p = -82 + v. Determine o(p).
2
Let z = -954 - -962. Let k(g) be the first derivative of -5/2*g**2 - z - g + 1/3*g**3. Give k(5).
-1
Let t(u) = 875 - 865 - 2*u - 3*u. Determine t(4).
-10
Let y(i) be the second derivative of i**3/6 + 3*i**2/2 + i + 192. What is y(-11)?
-8
Let a(z) be the second derivative of -z**4 - 2*z. Let c be (-8)/6 - (-3 - (-56)/21). Determine a(c).
-12
Let d(q) = 14*q**2 + 5*q - 1 - 15*q**2 - 6*q. Give d(0).
-1
Let a(b) = -b**2 + 11*b + 12. Let r(g) = 5*g**2 - 45*g - 49. Let d(l) = 9*a(l) + 2*r(l). Calculate d(-9).
10
Let u(b) = 57*b + 62*b - 1 - 111*b + 0. Suppose -1 = -2*i + 1. Determine u(i).
7
Let x(w) = -w**3 - 3*w**2 + w - 2. Let h(j) = -4 -